 the greatest common divisor of d and j.
5
Let b be (-3 + -46)*-4*1. Let c = -10912 + 11598. Calculate the highest common factor of b and c.
98
Suppose -4*g = -i + 39, -g = i - 4*i + 7. Let t be (-3516)/g - 12/(-30). Calculate the greatest common divisor of 11 and t.
11
Let m be ((-179)/(-7))/((-11)/(-77)). Let n = -101 + m. What is the greatest common divisor of n and 78?
78
Let l(o) = 160*o**2 - 3*o + 2. Let p be l(1). Suppose 0 = 879*c - 873*c - 1272. What is the highest common factor of p and c?
53
Suppose 4*t - 1 = -4*l + 27, -2*t = -4. Let v(u) = u**2 + 3*u - 20. Let o be v(l). What is the greatest common divisor of 80 and o?
20
Let y be (-2)/(-3) + 5120/24. Let u = y + 266. What is the highest common factor of u and 15?
15
Let u = -626 - -658. Let h(j) = j**3 - 6*j**2 - 18*j + 32. Let b be h(8). Calculate the greatest common factor of b and u.
16
Let z = 1981 + 1116. Calculate the highest common divisor of z and 19.
19
Let g(f) = -f**2 - 18*f - 3. Let l be g(-18). Let c be (l - (-65)/25) + (-542)/(-5). What is the highest common factor of 12 and c?
12
Suppose 263*v - 695 - 3419 = 3776. What is the highest common factor of v and 150?
30
Let b(h) = -h**3 + 11*h**2 + 15*h - 11. Let t be b(12). Let z = t - 22. Let d be (25/z - 1) + 18/27. Calculate the greatest common divisor of 72 and d.
8
Let l(g) = 9*g - 45. Let r be l(5). Suppose -32*j + 24*j + 288 = r. Calculate the greatest common factor of 144 and j.
36
Let n be (140/(-175))/((-2)/(-65)). Let q(y) = -2*y**3 - 54*y**2 - 55*y - 54. Let d be q(n). Calculate the greatest common factor of d and 204.
12
Let n = 3752 + -3602. Calculate the greatest common factor of 24 and n.
6
Let f(r) = 5*r**3 - 17*r**2 + r - 15. Let y be f(4). What is the highest common factor of y and 10693?
37
Let x be 124/9 + 42/189. Let o be (x/28)/(2/(-8)). Let k be -13 - -11 - (o - 26). Calculate the highest common factor of 26 and k.
26
Let k be (-330790230)/(-6768) + 5/(-8). What is the greatest common divisor of 25 and k?
25
Let y be (-147 + 30 + 30)*4/(-6). Calculate the highest common factor of y and 5017.
29
Let d be 55*(-2 + 3)*(-646)/(-95). Suppose 22*s = 33*s - d. Calculate the highest common factor of 34 and s.
34
Let g(l) = -l**3 - l - 16. Let h be g(0). Suppose 3*r = -5*a + 49, 4*r - 5 - 2 = 5*a. Let c be 958/r + (-4)/h. Calculate the highest common factor of c and 15.
15
Let a = -43 + 65. Let n be (-8)/16 + a/4. Calculate the greatest common divisor of n and 45.
5
Let p be ((-8)/5)/(1/(-20)). Suppose -4*v = -3*q + 107, 21 = q - 2*v - 18. Let s = -25 + q. Calculate the highest common divisor of s and p.
4
Suppose -4 = -26*d + 25*d. Suppose 0 = -z - 0 - 4, d*l - z = 124. Let i = -18 + 28. Calculate the greatest common factor of i and l.
10
Suppose 5*l + 3766 = 3*f, 2*f - 1399*l - 2492 = -1398*l. Calculate the highest common divisor of 115 and f.
23
Let v be -1 + (-561)/(-15) + 8/(-20). Suppose -10*k - v = 2*k. Let j be ((-16)/k)/((-5)/(-105)). What is the highest common divisor of 14 and j?
14
Suppose -3*b = -4*b - 5*o + 30, -3*o = -3*b + 144. What is the highest common factor of b and 10?
5
Let a(b) = -38*b + 234. Let w be a(-6). Let q = w + -402. Suppose -5*m + 37 = -38. Calculate the greatest common divisor of m and q.
15
Suppose 12 = -3*z, -5*o + 2*o + 4016 = 4*z. Calculate the highest common factor of 252 and o.
84
Suppose -28*c + 2484 = -49*c + 44*c. Calculate the highest common factor of 156 and c.
12
Let n(a) = -a**3 - 11*a**2 - 17*a - 3. Suppose 0 = -x + 1, 4*c - 3*x + 2*x = -33. Let w be n(c). Let y = -38 - w. What is the highest common factor of y and 14?
7
Let v(q) = 2*q**2 + 6*q - 3. Let p be v(-6). Suppose 5*j + h = 231, -4*h - 3*h = -5*j + 143. Calculate the greatest common factor of p and j.
11
Let u be (11 - 1)*(0 - (-7 + 6)). Suppose 425 = 5*x - 5*d, 0 = -5*x + d - 0*d + 445. What is the highest common factor of x and u?
10
Let s = 3859 - -331. Calculate the greatest common factor of 10 and s.
10
Suppose -50 = -6*s + 70. Let c = -18 + 12. Let g be (-46)/c - 6/(-18). What is the greatest common factor of s and g?
4
Suppose -2 = 5*r + 23. Let n(v) = -v**2 + 17. Let x be n(r). Let z = 36 + x. Calculate the highest common divisor of z and 21.
7
Let g(u) be the second derivative of -3*u**3/2 + 36*u**2 - 60*u. Let p be g(-24). What is the greatest common divisor of 24 and p?
24
Let i = 11181 - 11155. Suppose 3*u = 5*w + 761, u - 4*w = w + 267. Calculate the highest common factor of u and i.
13
Let p(o) = o**2 - 9*o + 41. Let g be p(4). Let f be (224/g)/((-3)/(-36)). What is the greatest common divisor of 96 and f?
32
Let q(c) = -c**3 - 6*c**2 + 64*c + 157. Let p be q(-12). What is the highest common factor of 161 and p?
23
Suppose -36*u + 41*u = 2800. Suppose -x + u = 13*x. Let c = -10 - -26. Calculate the greatest common divisor of c and x.
8
Let w(h) = 9*h**2 + 10*h + 9. Let z be w(-6). Let p = z - 237. What is the greatest common factor of 54 and p?
18
Suppose -4*z = -2*w - 148, -5*w + 3*w + 8 = 0. Let h be 20/10*(-1442)/4. Let n = h - -1072. Calculate the greatest common divisor of z and n.
39
Let i(b) = -b**3 + 23*b**2 - 4*b - 28. Suppose -y - 42 + 62 = 0. Let l be i(y). What is the highest common divisor of l and 12?
12
Let d(x) = 16*x - 26. Let k = 64 - 70. Let c be d(k). Let l = -110 - c. What is the greatest common divisor of l and 60?
12
Let r(s) = -459*s + 3367. Let b be r(7). Calculate the greatest common factor of b and 2596.
22
Let b = -10835 - -10870. Let n(l) = 4 + 12*l + 0*l - 9. Let r be n(15). Calculate the highest common factor of r and b.
35
Let w be (8/12)/(3/((-81)/(-2))). Let s = -11 - -38. Calculate the greatest common factor of s and w.
9
Let n = 14709 + -6699. Calculate the greatest common divisor of 270 and n.
90
Suppose 2*d - 68676 = -11*b + 3*b, -4*d = -2*b + 17160. What is the highest common divisor of 37 and b?
37
Let b(v) = 29*v - 334. Let u(z) = 20*z - 223. Let w(n) = -5*b(n) + 7*u(n). Let o be w(-19). What is the highest common factor of o and 24?
12
Let x = -103 + 1021. Calculate the greatest common divisor of 2550 and x.
102
Let i(x) = -3*x + 198. Let y be i(61). What is the highest common divisor of y and 1215?
15
Let x = 1449 - 350. Calculate the greatest common factor of x and 1727.
157
Let k = 512 - 486. Suppose -832 = -l - 3*l. What is the greatest common factor of l and k?
26
Let m(r) = 4*r + 72. Let t be m(37). Suppose -3*d + 319 = -5*k, -2*d + t = 3*k + k. Calculate the highest common divisor of d and 27.
27
Let q be (42/(-8))/(2/(-8)). Suppose -204*l + b - 8 = -205*l, 11 = 3*l + 4*b. What is the greatest common divisor of l and q?
21
Suppose -z = 5*x - 3*x - 13, -4*z = -20. Suppose 0 = 2*y - x, -3*y - 162 = -4*o - 4*y. Calculate the greatest common factor of o and 140.
20
Suppose -n + 6*n - 195 = 0. Let s = 43405 - 43132. Calculate the greatest common divisor of s and n.
39
Let u = 6053 - 5966. Let l be 3 + (-1*452)/(-4). What is the greatest common factor of l and u?
29
Let s = 1771 + 221. Calculate the highest common factor of s and 60.
12
Suppose 4*z - 4*o - 164 = -0*z, 0 = 3*z + 2*o - 128. Let g be 30150/135 + (-8)/(-12). Calculate the highest common divisor of g and z.
14
Suppose 5*w = 2*g - g - 44, 4*w + 12 = 0. Let i(v) = -212*v - 1377. Let d be i(-8). Calculate the highest common divisor of d and g.
29
Let b(k) = k**2 - 44*k - 143. Let m be b(-5). Calculate the highest common divisor of m and 14790.
102
Let a = 63 - 45. Let b = -28246 + 28327. Calculate the highest common factor of a and b.
9
Let o(i) = 2*i**3 + 4*i**2 - 8*i - 148. Let q be o(7). What is the greatest common divisor of 60 and q?
6
Let c = 4972 - 4702. Calculate the highest common factor of 405 and c.
135
Let p be -1*52*16/(-1). Suppose 13*x - 29*x = -p. What is the highest common divisor of 117 and x?
13
Let s(p) = 14*p**2 - 34*p + 219. Let w be s(11). What is the greatest common divisor of w and 1311?
57
Let g(i) = -i**3 - i**2 - 9*i - 9. Let k be g(-2). Suppose -k*l + 472 - 108 = 0. What is the greatest common factor of 12 and l?
4
Suppose -4*h + 2*z + 24 = -0, 0 = 4*z + 16. Let o be -17 + 29 + h/1. Let l be (o/2*-2)/((-5)/15). What is the highest common factor of 12 and l?
12
Suppose 3*q - 17 + 14 = -3*d, 0 = 2*d - 3*q - 12. What is the highest common divisor of 1797